greatest common divisor of 66 and b?
6
Let b be (-40)/(-16)*(0 + 28). Calculate the greatest common factor of b and 10.
10
Suppose 2*r + 5 = 3*r, 3*g + 5*r - 31 = 0. Suppose -g*d + 8 = c, 9 = 4*c + 3*d - 13. Suppose 8*k = c*k + 352. Calculate the highest common factor of k and 11.
11
Let n be (-10)/(-15) - (-38)/6. Let k = 9 + -5. Suppose 135 = 3*j + 2*j - 5*m, 2*m = -k*j + 114. Calculate the greatest common divisor of j and n.
7
Let m be 21/(-56)*-2 + (-274)/(-8). Calculate the greatest common factor of 45 and m.
5
Suppose 0 = -0*i + 4*i - 12. Suppose -i*g + 28 = -56. Let a be (-11)/(-3) + (-2)/(-6). What is the greatest common factor of g and a?
4
Let l(q) = 3*q**2 - 13*q - 4. Let t = -115 + 120. Let o be l(t). Calculate the highest common factor of 33 and o.
3
Suppose -4*a + 13 = 3*f, -4*a - 2 = 3*f - 5*f. Suppose 15 = 5*v - 207*p + 202*p, -2*v - 4 = 3*p. What is the greatest common factor of v and a?
1
Suppose a = -5*u + 95 + 402, 0 = 5*u + 3*a - 491. Calculate the highest common factor of u and 20.
20
Suppose u - 96 = 4*i, 32*u + i - 327 = 29*u. Calculate the highest common factor of 96 and u.
12
Let y be ((-2)/5)/(4/(-1080)). Suppose -g + y = l + 2*l, 0 = -4*l + g + 137. Let p = 226 - 221. Calculate the highest common divisor of p and l.
5
Suppose 2*k + k + 133 = 5*q, -4*q = -3*k - 104. Calculate the greatest common divisor of q and 319.
29
Let p = -406 + 407. Calculate the greatest common divisor of 53 and p.
1
Let s be ((-27)/2 - -1)*(-11 + 9). Let m = -18 + 23. What is the greatest common divisor of s and m?
5
Suppose 756 = 3*l + 3*l. Suppose -2*c = h - l, 0*c + 63 = c + h. Suppose 4*t - 2 = 6, -16 = -2*x - t. What is the highest common divisor of c and x?
7
Suppose -x = -87 + 41. What is the greatest common divisor of x and 161?
23
Let x = -88 + 91. Suppose x*i - 49 = -2*n, 61 = 2*i + 5*n + 10. What is the highest common factor of 65 and i?
13
Let z = 2 - 0. Let h be (z/3)/(4/(-6)). Let n be (-2 - h) + 36/2. What is the highest common factor of 51 and n?
17
Let t be 4/(-1) + (-16 - -36). Let c be -2*4*(-14 + -2). Calculate the highest common factor of c and t.
16
Let y = -6 - -36. Let p be y/(-2 - 31/(-14)). Let g = -2614 - -2634. Calculate the greatest common divisor of p and g.
20
Let y = -827 + 1247. Calculate the highest common factor of y and 30.
30
Suppose -14*c + 5*x + 2 = -15*c, -32 = -5*c - 4*x. Calculate the highest common divisor of c and 1256.
8
Let v = 36 + -35. Let z be (0 + v)*(-5 + 9). Suppose -2*w = -13 - 3. What is the greatest common divisor of z and w?
4
Let q(c) = c**2 - 2*c - 5. Let l(m) = m**3 + 16*m**2 + m + 23. Let p be l(-16). Let y be q(p). Calculate the highest common divisor of 45 and y.
15
Let t = 389 + -133. What is the greatest common divisor of t and 16?
16
Suppose -5*d - 4*x + 20 = -90, -3*x = 5*d - 105. Let g be (d - 15)/(1/19). Calculate the greatest common divisor of 19 and g.
19
Let y(o) = -2*o + 4. Let u be y(2). Suppose u*a + a = -2*b + 28, -70 = -5*b + a. Let g = 16 - b. What is the highest common divisor of g and 6?
2
Let z be (1 + 15)/((-11)/(-66)). What is the greatest common divisor of z and 132?
12
Let g = -23 + 40. Let j be 39/3*(-2)/(-2). Let d be (17/(-2))/(j/(-26)). What is the greatest common factor of d and g?
17
Let q(w) = -w - 6. Let p be q(-9). Suppose z + 6 = -2*z. Let g be 4/z*(-9)/6. What is the greatest common factor of p and g?
3
Suppose -3*k = 2*b - 14, 3*k - 33 = b - 4. What is the highest common factor of 12 and k?
4
Let t = -136 + 116. Let r(c) = -c**2 - 24*c - 18. Let d be r(t). What is the greatest common divisor of 155 and d?
31
Suppose 25*g = 48*g - 736. Let j(d) = d**3 + 5*d**2 - 8*d + 4. Let t be j(6). Calculate the highest common factor of t and g.
32
Let p be (-50)/(-6) + 2/(-6). Let y = p + -7. Let f = -46 - -50. Calculate the greatest common divisor of f and y.
1
Let n(q) = q + 1. Let l(y) = -15*y - 9. Let m(t) = -l(t) - 2*n(t). Let v be m(5). Let p = -28 + v. Calculate the highest common factor of p and 11.
11
Suppose -i + q + 93 = 0, 14*i - 17*i - 3*q + 309 = 0. What is the greatest common factor of i and 441?
49
Suppose -255 + 801 = -7*t. Let h = t + 90. Calculate the highest common divisor of 30 and h.
6
Suppose 11*m - 587 = -191. What is the greatest common divisor of 228 and m?
12
Let y(z) = -z**2 + z + 4. Let w be y(3). Let c be (0 - (w - 46)) + -3. Let a = 3 + 6. Calculate the highest common factor of c and a.
9
Let y(j) = j**3 + 22*j**2 + 15*j - 30. Let h be y(-19). What is the highest common divisor of h and 24?
24
Let a(s) = -2*s**3 - 3*s**2 + 2. Let n be a(-2). Let f(m) = -19*m - 67. Let w be f(-4). Calculate the highest common divisor of w and n.
3
Let z be (-1 - (-4293)/12) + (-3)/(-12). What is the highest common factor of z and 42?
21
Suppose 2*d = 8, a - 2*d - d - 16 = 0. Let o = 19 - -9. Calculate the highest common factor of o and a.
28
Suppose 3*s - 249 = 5*v, -5*v = 5*s - 353 - 102. Calculate the greatest common divisor of s and 11.
11
Suppose 57 = 3*h + 72, -3*b = -h - 395. What is the greatest common divisor of 90 and b?
10
Let c = 202 + -134. Calculate the greatest common factor of c and 612.
68
Let r be 20/(-8)*(-24)/(-15). Let g(p) = 9*p**2 - 6*p - 3. Let y be g(r). What is the highest common factor of 15 and y?
15
Let u be 306/42*2*(1 - -6). Calculate the greatest common factor of u and 30.
6
Suppose -21*g + 22*g = 21. Calculate the greatest common factor of 27 and g.
3
Let f be -3*(2/6 - 2). Suppose -2*u - 2*u = -232. Let d = u - 23. What is the highest common divisor of f and d?
5
Suppose 2*u - 34 = -2*n, 0 = 2*u + 3*u + 2*n - 91. Let m be (-6)/(-15)*2 + 1/5*661. Calculate the greatest common factor of m and u.
19
Let a(r) be the third derivative of 1/24*r**4 + 0*r**3 + 0 + 0*r - 2*r**2 + 41/60*r**5. Let b be a(-1). Calculate the highest common factor of 8 and b.
8
Suppose 0 = -9*y + 4*y + x + 140, 4*y - x = 112. Calculate the greatest common factor of y and 196.
28
Let x be (-1)/5 - (-9)/45. Suppose x = -p + 3*p - 28. Calculate the greatest common divisor of p and 112.
14
Let h be (-2)/14 + 1529/(-77). Let w be 2*(-2 - h - 4). What is the highest common divisor of 196 and w?
28
Let s(p) be the third derivative of -11*p**6/40 - p**5/30 + p**4/24 + p**3/3 - 20*p**2. Let t be s(-1). Calculate the highest common divisor of 8 and t.
8
Suppose 4*o = 3*z + 58, 3*o + 7*z - 29 = 2*z. Let u(k) = -3*k**2 + 41*k - 19. Let y be u(o). What is the greatest common factor of 77 and y?
7
Let r = 1357 + -1306. Let d be 67/4 + 2/8. Calculate the greatest common factor of r and d.
17
Let p be 2140/8 + (-2)/(-4). Suppose -2*q = -p - 22. What is the highest common factor of 58 and q?
29
Suppose 10*b - 736 = 34. What is the greatest common divisor of 1309 and b?
77
Suppose 89 = -7*u + 831. Let v = 149 - u. Calculate the highest common factor of v and 43.
43
Suppose -42 = -3*i - r, -7*i + 54 = -3*i + 2*r. What is the highest common factor of i and 165?
15
Let v = -217 + 361. What is the highest common divisor of 36 and v?
36
Suppose -3*z + 425 = 161. What is the highest common factor of z and 11?
11
Let v(h) = -h**2 + 5*h + 3. Let j be v(7). Let t(m) = m**3 - m - 3. Let b be t(3). Let s = j + b. What is the highest common divisor of s and 5?
5
Suppose 145 = c + 4*r, -418 = -3*c + 4*r - 63. What is the highest common divisor of c and 50?
25
Let n(h) = -2*h**2 - 27*h. Let q be n(-13). Suppose 3*p - q - 8 = 0. Suppose 4*v = 29 - 1. What is the highest common factor of p and v?
7
Suppose 11*h - 70 - 1360 = 0. What is the highest common factor of h and 20?
10
Suppose -j - 385 = -6*j. Let d = j + -5. Let b = -12 + 36. Calculate the highest common divisor of b and d.
24
Let p(y) = y**2 - 2*y - 8. Let u be p(-2). Suppose -4*b - 3*n + 73 = u, -55 = -5*b + 5*n + 45. What is the greatest common factor of 76 and b?
19
Let n be ((-1)/(-1))/((-1)/(-5)). Suppose h + 7 = 2*j - 8, j = -2*h - n. Let c be (j/5)/((-2)/(-6)). Calculate the highest common factor of 24 and c.
3
Let p be (1 - 5)*(-70)/4. Suppose -31*f + 243 = -67. Calculate the greatest common divisor of p and f.
10
Let b = 126 + -70. Suppose 2*r + 31 = 3*w - 5, -5*w - 5*r + 85 = 0. Calculate the highest common divisor of b and w.
14
Let l be (-15)/6*8/(-20). Suppose -4*o = -3*q + l, 14 = 5*o - o + 2*q. Supp